78.
26
What is the greatest common factor of 14578 and 4137?
197
What is the highest common divisor of 663 and 7826?
13
Calculate the greatest common factor of 4732 and 1092.
364
Calculate the greatest common divisor of 7 and 200837.
7
What is the greatest common factor of 198759 and 66?
33
Calculate the greatest common divisor of 1646000 and 500.
500
Calculate the greatest common factor of 26332 and 84.
4
Calculate the greatest common factor of 17494018 and 356.
178
What is the highest common factor of 89 and 2?
1
What is the greatest common factor of 28736 and 176?
16
What is the greatest common factor of 234242 and 81240?
1354
Calculate the greatest common factor of 2814 and 5896.
134
What is the highest common divisor of 10 and 54217?
1
Calculate the highest common divisor of 441504 and 352.
32
Calculate the greatest common factor of 1690592 and 736.
736
Calculate the highest common divisor of 184392 and 5148.
468
Calculate the greatest common divisor of 343 and 581.
7
Calculate the greatest common factor of 1329300 and 675.
225
Calculate the highest common divisor of 6522 and 42.
6
Calculate the greatest common divisor of 8491 and 749.
7
Calculate the greatest common divisor of 94783 and 23.
23
What is the highest common factor of 1209 and 8835?
93
Calculate the highest common divisor of 364 and 3744.
52
What is the greatest common divisor of 17700 and 1008?
12
What is the greatest common factor of 868 and 441316?
124
What is the highest common factor of 123772 and 970?
194
Calculate the greatest common factor of 11620 and 58681.
581
What is the highest common divisor of 92505 and 105?
105
Calculate the highest common divisor of 65 and 510263.
13
What is the highest common factor of 30049 and 1359?
151
What is the highest common factor of 1806964 and 204?
68
Calculate the greatest common divisor of 13570 and 91540.
230
What is the highest common divisor of 2513878 and 4?
2
Calculate the greatest common factor of 4088 and 2040934.
1022
What is the greatest common factor of 2187510 and 395?
395
What is the highest common factor of 391367 and 1?
1
Calculate the highest common factor of 14719 and 40926.
359
What is the highest common divisor of 910 and 44550?
10
Calculate the highest common factor of 779380 and 1235.
95
Calculate the highest common factor of 309 and 406129.
103
Calculate the greatest common divisor of 2011348 and 334.
334
Calculate the highest common factor of 15 and 319695.
15
What is the highest common divisor of 728 and 729456?
728
Calculate the highest common factor of 893795 and 14.
7
Calculate the highest common factor of 1050 and 360.
30
What is the greatest common factor of 716 and 49?
1
Calculate the highest common factor of 1387 and 2489.
19
Calculate the greatest common divisor of 135334 and 1293.
431
What is the highest common factor of 9 and 2412819?
9
What is the highest common divisor of 518350 and 350?
350
What is the greatest common divisor of 160866 and 1324?
662
Calculate the highest common divisor of 537780 and 1260.
60
Calculate the greatest common divisor of 16456 and 4675.
187
Calculate the greatest common factor of 65 and 58318.
13
Calculate the highest common divisor of 38212 and 164.
164
Calculate the highest common factor of 1877007 and 2277.
759
Calculate the highest common divisor of 79540 and 100.
20
What is the greatest common factor of 272 and 142154?
34
What is the highest common factor of 180 and 859420?
20
What is the highest common factor of 93 and 90737?
31
Calculate the greatest common divisor of 421 and 21361961.
421
What is the highest common factor of 160 and 6262240?
160
What is the greatest common divisor of 161740 and 20?
20
What is the greatest common divisor of 42 and 151564?
14
Calculate the highest common divisor of 426 and 67876.
142
Calculate the greatest common divisor of 11999 and 39.
13
Calculate the greatest common divisor of 49 and 36911.
7
What is the greatest common divisor of 126 and 29526?
42
What is the highest common divisor of 31104 and 1488?
48
Calculate the highest common divisor of 707 and 67266.
101
What is the highest common factor of 1160 and 9048?
232
Calculate the greatest common divisor of 32153 and 84249.
407
What is the highest common divisor of 7420 and 43540?
140
What is the highest common divisor of 689 and 31853?
53
What is the highest common divisor of 124 and 11594?
62
Calculate the highest common factor of 48 and 8077488.
48
Calculate the highest common factor of 84 and 10058538.
42
Calculate the greatest common divisor of 496 and 3265168.
496
What is the greatest common factor of 74682 and 8759?
461
What is the greatest common factor of 12375 and 1287?
99
Calculate the greatest common factor of 30 and 131710.
10
Calculate the highest common factor of 11176 and 968.
88
Calculate the greatest common factor of 6570 and 2445.
15
Calculate the greatest common factor of 818477 and 1221.
407
Calculate the greatest common divisor of 503525 and 550.
275
Calculate the highest common divisor of 34 and 5060.
2
Calculate the greatest common factor of 7603780 and 30.
10
Calculate the highest common factor of 34959 and 258.
129
Calculate the highest common factor of 220153 and 19.
19
What is the greatest common factor of 225495 and 45?
45
Calculate the highest common divisor of 1422031 and 104.
13
Calculate the highest common divisor of 44 and 54494.
22
What is the highest common divisor of 206 and 2822200?
206
Calculate the highest common divisor of 1200 and 5940.
60
What is the highest common factor of 120 and 5196540?
60
What is the highest common divisor of 139022 and 26?
26
Calculate the highest common factor of 788 and 384938.
394
What is the highest common divisor of 9 and 36027?
9
Calculate the highest common divisor of 14121 and 286081.
523
Calculate the greatest common factor of 30 and 45375.
15
What is the highest common divisor of 241072 and 8?
8
What is the greatest common divisor of 954 and 535671?
477
Calculate the greatest common divisor of 2024 and 61336.
88
Calculate the highest common factor of 79 and 227.
1
What is the highest common factor of 400 and 25525?
25
What is the greatest common divisor of 6175 and 741950?
475
What is the highest common factor of 57 and 1278?
3
Calculate the greatest common factor of 9075 and 615.
15
Calculate the highest common factor of 2009 and 2132.
41
What is the highest common divisor of 3087 and 4221?
63
What is the greatest common divisor of 231 and 48389?
11
Calculate the greatest common divisor of 24 and 36180.
12
Calculate the highest common factor of 7037 and 589.
31
What is the highest common factor of 3406 and 298942?
262
Calculate the greatest common divisor of 100024 and 7.
1
What is the highest common divisor of 36945 and 9000?
45
Calculate the greatest common factor of 1066 and 25.
1
What is the greatest common factor of 39 and 219648?
39
Calculate the greatest common divisor of 2743300 and 2100.
700
What is the highest common factor of 2030 and 3514?
14
Calculate the highest common divisor of 1691049 and 453.
453
What is the highest common divisor of 420 and 11580?
60
Calculate the greatest common divisor of 769818 and 21.
21
What is the greatest common factor of 1502542 and 134?
134
Calculate the greatest common factor of 26639 and 68.
17
What is the greatest common divisor of 80 and 34500?
20
Calculate the greatest common factor of 77 and 9149.
7
Calculate the highest common factor of 150 and 425300.
50
What is the highest common divisor of 228 and 5350191?
57
What is the highest common factor of 283815 and 14416?
901
Calculate the greatest common divisor of 4 and 604.
4
What is the highest common factor of 536 and 296?
8
Calculate the greatest common divisor of 561 and 9741.
51
What is the highest common factor of 1 and 32653?
1
Calculate the highest common divisor of 6645 and 786768.
1329
What is the greatest common factor of 381078 and 702?
54
Calculate the greatest common factor of 33507 and 918.
459
Calculate the greatest common factor of 442 and 24531.
221
What is the highest common divisor of 730 and 17666?
146
What is the highest common factor of 22088 and 528?
88
Calculate the highest common divisor of 379109 and 933.
311
Calculate the greatest common divisor of 6161067 and 297.
9